d*m + 170 = 5*s, 0*m = -m - 5. Calculate the remainder when s is divided by 19.
17
Suppose 4*t - 5*h + 0 = 1, 0 = -2*t - 5*h + 23. Let a = -17 + 32. Suppose 2*o + 3*o = a. What is the remainder when t is divided by o?
1
Suppose -3*i = -0*i - 3. Suppose -n = -3*m + 4*n - 133, -4*n = -4*m - 188. Calculate the remainder when 2/(i - (-45)/m) is divided by 6.
5
Let w = 18 + -8. Suppose 2*n - 2*p = p + 27, -2*p + 8 = 3*n. What is the remainder when w is divided by n?
4
Suppose -9 = -t + 5*q, t + 0*t - 9 = q. What is the remainder when t is divided by 2?
1
Calculate the remainder when ((-284)/4)/(-1) - 2 is divided by 18.
15
What is the remainder when 31 is divided by 9/6*(0 + 42/9)?
3
Suppose -3*k + 2*k - 3*p + 34 = 0, 4*p = -3*k + 77. Let u = k + -11. Calculate the remainder when u is divided by 5.
3
Let b = 16 - -6. Let c = b - 11. Calculate the remainder when 20 is divided by c.
9
Suppose -5*a - s + 39 + 234 = 0, a + s = 53. Suppose 0 = 4*j + 62 - 118. What is the remainder when a is divided by j?
13
Let c(f) = f + 3. Let i = -3 + 3. Suppose i*o + 5 = o. What is the remainder when o is divided by c(0)?
2
Let p(i) be the first derivative of 3*i**4 - i**2 + i + 8. What is the remainder when p(1) is divided by 4?
3
Suppose 3*y - 53 - 55 = 0. Suppose -3*m + y - 12 = 0. Suppose 9 = o - w, 4*o + 0*o + 4*w = 76. Calculate the remainder when o is divided by m.
6
Let v(x) = 2*x + 4. Suppose -3*h + h - 14 = 0. Let n(s) = -s**2 - 8*s - 4. Let t be n(h). What is the remainder when v(t) is divided by 6?
4
Let j(s) = s**2 - 2*s - 10. Let a be 31/4 + (-1)/(-4). What is the remainder when j(a) is divided by 10?
8
Let c(y) = 7*y - 1. Suppose -114 = -2*k + 44. What is the remainder when k is divided by c(4)?
25
Let r(m) = m**2 - 3*m + 6. Let p(j) = -4*j**2 + 30*j - 3. What is the remainder when p(5) is divided by r(5)?
15
What is the remainder when 1 + (3 - (-4 + -21)) is divided by 19?
10
Suppose -8*p = -4*p - 12. Suppose -p*i = -42 + 6. What is the remainder when 33 is divided by i?
9
Let s(p) = p**3 - 3*p**2 + 5*p - 2. Calculate the remainder when s(3) is divided by 4.
1
Suppose 259 = 10*z - 31. What is the remainder when 113 is divided by z?
26
Suppose v + 267 = 4*v + 2*w, -3*v + w = -267. Suppose 36 = -f - 3*m + v, -2*f = 5*m - 101. Calculate the remainder when f is divided by 13.
12
Suppose 2*q + 11 - 29 = 0. What is the remainder when q is divided by 3?
0
What is the remainder when 54 is divided by ((-4)/6)/(2/(-57))?
16
Let u(w) = 2*w**2 + 7*w - 8. Suppose -7*q - 125 = -12*q. Suppose -5*i + q = 5*p, -4*p - 5*i + 9 = -p. Calculate the remainder when u(-6) is divided by p.
6
Let k = 10 - 5. Suppose 3*g - 2*b = 49, -g + b + 22 = 6*b. Calculate the remainder when g is divided by k.
2
Let w(i) = i**3 + 5*i**2 - 11*i - 4. What is the remainder when w(-4) is divided by 12?
8
Let u = -17 - -26. Calculate the remainder when 25 is divided by u.
7
Let t(h) = -5*h + 1. Calculate the remainder when t(-1) is divided by 4.
2
Suppose -2*i = -0*i - 38. Suppose -n + 15 + i = 0. Calculate the remainder when n is divided by 18.
16
Let b = 4 - -5. What is the remainder when 33 is divided by b?
6
Let c = -124 - -151. Calculate the remainder when 53 is divided by c.
26
Let h(o) = 2*o + 15. Calculate the remainder when h(12) is divided by 11.
6
Suppose -12*y = -46 - 122. What is the remainder when 78 is divided by y?
8
Let k(n) = -n**3 - n**2 + n. Let t be k(2). Let u = t + 4. What is the remainder when (-69)/u - (-6)/4 is divided by 7?
6
Let k(r) = r**3 - r**2 - 4. Let i = 4 - -4. What is the remainder when k(3) is divided by i?
6
Suppose -71 - 133 = -6*p. Calculate the remainder when p is divided by 9.
7
Let j be (-2976)/(-33) + 2/(-11). Suppose -4*k + j = 26. Let v = 20 + 10. What is the remainder when v is divided by k?
14
Suppose 3*d + d - 11 = -m, 25 = 2*m + 5*d. Suppose 0 = -4*n + m + 17. What is the remainder when 22 is divided by n?
6
Let d = -11 + 16. Suppose 6 = 5*y - 2*y. Suppose 0 = -4*b - y*a + 39 + 31, -40 = -b - d*a. Calculate the remainder when 43 is divided by b.
13
Suppose -4*h + 51 + 42 = -5*f, -5*h + 3*f + 126 = 0. Calculate the remainder when h is divided by 11.
5
Let m = 116 - 108. Calculate the remainder when 37 is divided by m.
5
Let p = -120 - -181. What is the remainder when p is divided by 7?
5
Suppose c + 2 = 0, a + 2*c = -2*a + 80. What is the remainder when a is divided by 12?
4
Suppose 0*d - 2*d + 5*m = -11, 2*m = d - 5. Let h = 26 + d. What is the remainder when h is divided by 10?
9
Let y = 20 - 5. Suppose s = -1 + 8. Suppose s*v = 2*v + 40. What is the remainder when y is divided by v?
7
Suppose 2*x - 19 = -3*l + x, 5*l + 4*x - 20 = 0. Calculate the remainder when 15 is divided by l.
7
Suppose 25 = 2*l - 2*h + h, 10 = l + 2*h. Let w = 6 + -3. Suppose -5*a + 0*a + 218 = -4*o, -w*o + 147 = 3*a. What is the remainder when a is divided by l?
10
Let s = -5 - -15. Suppose 2*q = -q. Suppose q = -2*v - v + 18. Calculate the remainder when s is divided by v.
4
Let p = 1 + 12. Let k = -2 - -2. Calculate the remainder when (k - -2)/((-8)/(-204)) is divided by p.
12
Suppose 0 = -b - 3*m + 13, 2*m = 4*b - 3*m - 1. Calculate the remainder when 39 is divided by b/6*(0 - -15).
9
Let r(u) = u**3 + 11*u**2 - 30*u - 25. What is the remainder when 80 is divided by r(-13)?
26
Let h(d) = -d**3 + 6*d**2 + 2*d - 8. Let j(u) = u**2 - 4*u - 6. Let c be j(6). Let w be h(c). Calculate the remainder when 13 is divided by 171/33 - w/22.
3
Suppose -39 = -3*z - 0*z. Let l = 183 - 137. Calculate the remainder when l is divided by z.
7
Suppose -36 = q - 2*q. Suppose 3*s = -2*r - 0*r - 3, 4*s - q = 4*r. Let g(a) = -a**2 - 7*a + 7. What is the remainder when 37 is divided by g(r)?
11
Suppose -80 = 3*d - 5. Let p = 36 + d. Suppose 0 = o + 3*h - 11, 2*o - 1 - 24 = -5*h. Calculate the remainder when o is divided by p.
9
Calculate the remainder when (4 + -3)*65 - 2 is divided by 33.
30
Let x(s) = 6*s**2 + 2*s + 1. Let d be x(-1). Suppose -d*q = 3 - 18. What is the remainder when 5 is divided by q?
2
Let s(g) = 15*g - 1. Suppose 0 = -2*y - 3*l, 0 = 5*y + 4*l - 7*l - 42. Calculate the remainder when s(1) is divided by y.
2
Let h(u) = u**3 - 6*u**2 - 7*u + 5. Let f be (-12)/16 - 62/(-8). Let c(v) = v**3 - v**2 + v + 1. What is the remainder when c(2) is divided by h(f)?
2
Let j be (-2 - -1) + -6 + 3. Let o(y) = -y**2 - 4*y + 1. Let g(s) = s**2 + s + 1. Let p(d) = g(d) - o(d). Calculate the remainder when p(j) is divided by 7.
5
Suppose 6 = -5*t - 4*h, 3*t = -h - h - 2. Let x(g) = 2*g + 2 - t + 4. What is the remainder when 35 is divided by x(4)?
11
Let w = -46 + 128. What is the remainder when w is divided by 17?
14
Suppose -2*h - 24 = 3*w - 0*w, 2*h + 14 = 2*w. Calculate the remainder when (-6)/h - (-973)/21 is divided by 10.
7
Let t = -51 - -86. What is the remainder when t is divided by 9?
8
Suppose 2*w = 4*n - 0*w - 118, 2*w = -4*n + 122. What is the remainder when n is divided by 16?
14
What is the remainder when 34 + (-1)/1 + 0 is divided by 9?
6
Suppose 0*o = 5*o - 55. Suppose -3*g = q - g + 6, -5*g - 25 = 0. What is the remainder when o is divided by q?
3
Suppose -4*s = 3*y + 25 - 92, 0 = -2*y + s + 52. What is the remainder when 42 is divided by y?
17
Suppose 10 = 2*n - 2*s, -2*n + 2*s + 24 = 2*n. Let l(c) = -c + 8. Let x be l(n). Let i = x + 13. What is the remainder when i is divided by 8?
6
Let h = -4 + 6. Suppose 3*b - 13 = n, -4*n + 9 + 4 = b. What is the remainder when h is divided by n?
0
Let y = 10 - 7. Suppose -y*o + 2*o + 35 = 0. Calculate the remainder when o is divided by 12.
11
Suppose v = 10 - 1. What is the remainder when 32 is divided by v?
5
Let b(q) = q**3 - 10*q**2 - 11*q - 1. Let g be b(11). Calculate the remainder when (-123)/(-1)*g/(-3) is divided by 22.
19
Let z = 28 - -41. Calculate the remainder when z is divided by 24.
21
Suppose 5*c - 5*x = 55, 6*c + x - 3 = 5*c. What is the remainder when c is divided by 6?
1
What is the remainder when 38 is divided by 30/7*140/30?
18
Suppose -25 + 9 = -r. Calculate the remainder when 61 is divided by r.
13
Suppose -5*d + 37 = -3. Suppose 0 = 2*h - 3*h + 21. Calculate the remainder when h is divided by d.
5
Suppose 0*o + 3*o = k + 5, 3*k - o - 17 = 0. Let g(m) = 2*m - 6. Let n be g(k). Let a = n + -3. What is the